 of m?
13, 17
Let v(r) = 24*r**2 + 13*r - 232. List the prime factors of v(9).
31, 59
Suppose 4*c - 5*m = -9*m + 6352, m = -3*c + 4762. List the prime factors of c.
3, 23
Let i be (-48)/(0 - 2 - -1). Suppose g + 7 = 4*x - 112, 82 = 2*x + 4*g. Let n = i - x. List the prime factors of n.
17
Let w(k) = -138*k + 141. List the prime factors of w(-4).
3, 7, 11
Let v(l) = 3*l**3 - 3*l**2 + l + 1. Let g(u) = u**2 - 5*u + 2. Let s be g(5). What are the prime factors of v(s)?
3, 5
List the prime factors of (-40)/(-70) + (-40476)/(-21).
2, 241
Let s be (6/12)/((-3)/(-6)). Let l be (s + 1)/((-4)/(-10)). Suppose -k - 3*k - 4 = 0, -l*m = 5*k - 100. What are the prime factors of m?
3, 7
Let i(h) = -471*h + 223. What are the prime factors of i(-11)?
2, 7, 193
Let j(g) = 52*g - 435. List the prime factors of j(9).
3, 11
What are the prime factors of 64773/30 - 12/120?
17, 127
Suppose -y + 3*p - 28 = -0*y, -y - 2*p - 23 = 0. Let r = 50 + y. What are the prime factors of r?
5
Let k = -647 + 872. List the prime factors of k.
3, 5
Let t(g) = g**2 + 8*g - 12. List the prime factors of t(-22).
2, 37
Let c(t) = t + 10. Suppose -2*x - u = -1 - 0, 0 = -5*x - u + 10. Let d be -4 + (0 + -1)*x. What are the prime factors of c(d)?
3
Let m(f) = -f + 18. Let y be m(11). Suppose -3*o = -6, 3*a = y*a + o - 22. Suppose -5*g + a*l + 130 = 0, -27 = -2*g + 4*l + 29. What are the prime factors of g?
2, 3
Suppose -2*c + 0 = -16. Let y = 9 + -6. Let z = y + c. What are the prime factors of z?
11
Suppose -2534 = 11*l - 16669. What are the prime factors of l?
5, 257
Let u(k) be the first derivative of -k**4/12 - k**3 - k**2 + 3*k + 5. Let c(r) be the first derivative of u(r). What are the prime factors of c(-5)?
3
Suppose 3 = 4*d - 9. What are the prime factors of d - ((2 - 4) + -18)?
23
Let d = -154 - -314. Let m = 313 - d. List the prime factors of m.
3, 17
What are the prime factors of (29/(-2))/(4/(-16))?
2, 29
Let k be (60 - 0)*(-5)/(-10). Suppose 60 = -k*t + 33*t. What are the prime factors of t?
2, 5
Let v(j) = 7*j**3 - 7*j**2 - 38*j + 74. What are the prime factors of v(8)?
2, 1453
What are the prime factors of (2/4)/((-2)/(82*-16))?
2, 41
Let i(n) be the first derivative of -n**4/4 + 2*n**3 + 2*n**2 - 8*n - 11. Let l(z) = -z**3 + 12*z**2 - 10*z - 5. Let b be l(11). List the prime factors of i(b).
2
Let w be ((-4)/6)/((-2)/21). Let q = 107 + -95. Suppose -4*o = -w*o + q. List the prime factors of o.
2
Suppose -j - 25 = 3*g - 126, -3*g = -4*j - 91. Let t be (20 - g) + 1/(-1). List the prime factors of (-242)/t - 6/21.
17
List the prime factors of ((-164912)/680 - 4/(-34))*-5.
2, 3, 101
Let l = -158 - -99. Suppose 4*d + 230 = 182. Let o = d - l. What are the prime factors of o?
47
Suppose -148*r + 171*r - 13478 = 0. What are the prime factors of r?
2, 293
Let z(l) = -42 - l**2 + 41 - l**2 + 4*l**2 + 4*l. Let x be z(-3). Suppose x*s = s + 100. List the prime factors of s.
5
Suppose -3*n + 7 = -2. Suppose s = 6*s - n*f - 3156, -3*s - f + 1888 = 0. List the prime factors of 3/(-5) + s/50.
2, 3
Suppose 4*k - 3290 = -2*r + 944, r = -k + 2116. What are the prime factors of r?
3, 5, 47
Suppose -21775 = -26*j + 13377. What are the prime factors of j?
2, 13
Suppose 28 = 4*j + 3*j. Suppose j*g + 454 - 122 = 0. Let f = 135 + g. List the prime factors of f.
2, 13
Let n be 26/6 - 13/39. Suppose 0 = -5*k + 2*r + 475, n*k - 2*r - 347 = -7*r. List the prime factors of k.
3, 31
Suppose -u + 497 = 4*b + 153, b = -2*u + 681. List the prime factors of u.
2, 5, 17
Suppose -713 = -6*l + 3*l + s, -4*s - 701 = -3*l. What are the prime factors of l?
239
Let w(t) = 128*t - 38. What are the prime factors of w(4)?
2, 3, 79
Let c = -173 + 325. Suppose -5*v - 5*p = -2*p - c, -3*v - 2*p + 92 = 0. What are the prime factors of v?
2, 7
Suppose -5*i = -2*k + 7 - 0, 2*i + 3*k - 1 = 0. Let c = i + 13. List the prime factors of c.
2, 3
Let x(l) = l**2 + 12*l + 64. Let j be x(17). Let c = -314 + j. What are the prime factors of c?
3
Let y(o) = -o**2 - o + 3. Let v be y(3). List the prime factors of -3 - (-2 + -3 + v).
11
Suppose -31*d + 32*d - 174 = 0. List the prime factors of d.
2, 3, 29
Suppose -3 - 3 = -3*w, -p + 4*w - 5 = 0. Suppose -4*m = -2*s + 8, p*m = 7*m - s + 4. Suppose m*r + r - 25 = 0. What are the prime factors of r?
5
Let a(g) = g + 11. Suppose 0 = -5*z - 94 + 39. Let j be a(z). Suppose j = 4*i - 3*d + d - 156, i - 2*d = 36. What are the prime factors of i?
2, 5
Suppose s + 14352 = 9*s. List the prime factors of s.
2, 3, 13, 23
Let d = -23 - -30. Let c = d - -57. What are the prime factors of c?
2
Let y = 1262 - 602. List the prime factors of y.
2, 3, 5, 11
Let i(j) = 6 - 3*j**2 + 5*j - 5*j**3 + 7*j**2 + 0*j**3 + 4*j**3. Suppose -4*c = -21 + 1. What are the prime factors of i(c)?
2, 3
Let j be (2 - 1)/(3/3). Let d = j + -5. Let n = 8 + d. What are the prime factors of n?
2
Suppose 4*z = -z + 10. Suppose -6*n - z*w = -n - 159, -5*n = -w - 153. List the prime factors of n.
31
Suppose -59 = -5*v + 36. Let w = v + -14. Let z = w + 0. What are the prime factors of z?
5
Suppose -6*d = -2*f - 5*d + 163, 3*f = -4*d + 228. What are the prime factors of f?
2, 5
Let u = -791 + 1198. List the prime factors of u.
11, 37
Let l be (4/6)/((-2)/18). Let v(t) be the first derivative of t**4/4 + 3*t**3 + 11*t**2/2 + 6*t - 13. What are the prime factors of v(l)?
2, 3
Let x(a) = a**3 + 2*a**2 - 4*a + 1. Let q be x(-3). Suppose -q*n = -4*p - 144, -3*n = -2*p - 6*n - 57. What are the prime factors of -3*(-8)/6 - p?
37
Let a be -3*2/(1/1). Let s(j) = 1817*j - 912*j - 898*j + 2*j**2 + 12. List the prime factors of s(a).
2, 3, 7
Suppose 0 = -5*u - 46 + 76. Suppose u = -3*w, 3*y + 4 = -2*w + 9. Suppose 0 = -4*k + y*k + 17. List the prime factors of k.
17
Suppose y = 2604 + 2348. What are the prime factors of y?
2, 619
Suppose -4*c + 5 + 63 = 0. Suppose -c - 13 = -5*j. Suppose -m - 80 = -j*m. What are the prime factors of m?
2
Let s(d) = 9*d + 25. Let t = 47 - 33. List the prime factors of s(t).
151
Suppose b = -5*n + 471, -b + 5*b + 4*n = 1852. What are the prime factors of b?
461
Let i = 239 + -147. What are the prime factors of i?
2, 23
Let j(f) = -273*f + 15. Let a be j(-7). Let g be 2/(-5) - a/(-15). Suppose 0*l + g = 4*l. What are the prime factors of l?
2
Let k = -136 - -2870. List the prime factors of k.
2, 1367
Let p = 48 - 48. Suppose p = 4*h + 3*a - 10 - 25, 2*h = -3*a + 13. List the prime factors of h.
11
Suppose -14*v + 10*v + 20 = 0. Suppose -46 = -v*i - 16. What are the prime factors of i?
2, 3
Suppose 142 = -r + g, 3*g - 704 = 5*r - 0*g. Let d = 163 + r. List the prime factors of d.
2, 3
Suppose -4*y = 4 - 12. Suppose -4 = -2*z + y. Suppose 0 = -p - z*p + 2*l + 94, 5*p - 5*l = 130. List the prime factors of p.
3, 7
Suppose -a - 6*a = -644. Let v = -21 + a. List the prime factors of v.
71
Let l = 4712 - 1754. What are the prime factors of l?
2, 3, 17, 29
Let d be 3 + 18/(-8)*-4. Suppose 0 = 4*v + d - 124. What are the prime factors of v?
2, 7
Let r = -121 + 124. Suppose -3*p - l + 102 = p, -3*l - 84 = -3*p. List the prime factors of p*(r + (-2)/1).
2, 13
Let z = -30 + 25. Let u be (-2)/z - 22/55. Suppose -2*g + 4*h + 0*h = -104, u = -h - 4. List the prime factors of g.
2, 11
Let c = -1022 + 1695. What are the prime factors of c?
673
Suppose 13 - 9 = k. List the prime factors of (k - 2)*(-29)/(-2).
29
Let c be 150/4*(2 - -4). Suppose -3*v - 111 - 71 = 4*l, 5*l + 5*v + c = 0. Let s = l + 84. What are the prime factors of s?
37
Let s be (-3)/(-1) + (109 - 2). Let w = -75 + s. List the prime factors of w.
5, 7
Let c(a) = 63*a - 471. List the prime factors of c(19).
2, 3, 11
Let c(r) = r**3 + 11*r**2 + 6*r + 19. Let l be c(-8). Let u = l - 23. What are the prime factors of u?
2, 5, 7
Let z be 7/(-28)*(-1 + (2 - 1)). Suppose -2*l + 52 = n - l, -3*n + 5*l + 180 = z. List the prime factors of n.
5, 11
Let n(w) = 6*w - 12. Let b be n(8). List the prime factors of 750/b + 1/6.
3, 7
Suppose -3*t - 5*h + 5930 = 0, 40*t - 4*h - 3968 = 38*t. What are the prime factors of t?
2, 3, 5, 11
Let n(u) = -2*u - 3. Let a be n(-4). Suppose 0*s - 5 = -a*s. List the prime factors of s + 4 + 42/2.
2, 13
Let b be 1 + 2 - (1 + 1). Suppose 3*l + b - 7 = 0. Suppose -4 = -l*d + 30. List the prime factors of d.
17
Let z be (-4 + (-35)/(-10))*